 the prime factors of 206337977.
206337977
What are the prime factors of 472033165?
5, 9601, 9833
What are the prime factors of 309835673?
7, 903311
What are the prime factors of 57518288?
2, 101, 35593
List the prime factors of 56707607.
11, 5155237
List the prime factors of 14379502.
2, 7189751
What are the prime factors of 143804351?
143804351
What are the prime factors of 5464442904?
2, 3, 2161, 105361
List the prime factors of 18341683.
18341683
What are the prime factors of 499322628?
2, 3, 7, 73, 27143
What are the prime factors of 316263536?
2, 71, 199, 1399
What are the prime factors of 1164445327?
67, 97, 179173
List the prime factors of 27568671.
3, 13, 103, 6863
What are the prime factors of 126472850?
2, 5, 7, 361351
List the prime factors of 3266125502.
2, 2383, 685297
What are the prime factors of 483898258?
2, 241949129
List the prime factors of 815292186.
2, 3, 151, 899881
List the prime factors of 850370743.
23, 53, 421, 1657
List the prime factors of 274925340.
2, 3, 5, 56569
What are the prime factors of 760602723?
3, 1031, 245911
What are the prime factors of 760048248?
2, 3, 23, 1376899
What are the prime factors of 226930813?
19, 1373, 8699
What are the prime factors of 728077498?
2, 364038749
List the prime factors of 92019841.
5701, 16141
List the prime factors of 101756065.
5, 137, 148549
What are the prime factors of 125611095?
3, 5, 8374073
What are the prime factors of 2611350754?
2, 2543, 513439
What are the prime factors of 131563343?
29, 4536667
List the prime factors of 1184880448.
2, 18513757
What are the prime factors of 3149681625?
3, 5, 61, 15299
List the prime factors of 250695631.
250695631
List the prime factors of 486497967.
3, 419, 387031
What are the prime factors of 250159975?
5, 13, 769723
List the prime factors of 28055701.
4217, 6653
What are the prime factors of 1778923361?
1778923361
What are the prime factors of 130722960?
2, 3, 5, 353, 1543
What are the prime factors of 55318180?
2, 5, 569, 4861
What are the prime factors of 347534903?
347534903
List the prime factors of 4769142150.
2, 3, 5, 31794281
List the prime factors of 2221178768.
2, 31, 71, 63073
List the prime factors of 171368713.
31, 5528023
List the prime factors of 53197378.
2, 13, 19, 107687
What are the prime factors of 26461971?
3, 36299
List the prime factors of 684901219.
17, 3361, 11987
What are the prime factors of 3011967194?
2, 137, 10992581
What are the prime factors of 1780807800?
2, 3, 5, 17, 71, 2459
What are the prime factors of 1938279071?
1938279071
What are the prime factors of 35776045?
5, 7155209
List the prime factors of 356196345.
3, 5, 631, 37633
What are the prime factors of 723503205?
3, 5, 5359283
What are the prime factors of 185343034?
2, 89, 1041253
List the prime factors of 82682854.
2, 41341427
What are the prime factors of 366013641?
3, 7, 2371, 7351
What are the prime factors of 580132840?
2, 5, 7, 59, 35117
What are the prime factors of 39939840?
2, 3, 5, 3467
List the prime factors of 29828903.
13, 103, 22277
List the prime factors of 31131286.
2, 193, 80651
What are the prime factors of 1454166624?
2, 3, 15147569
List the prime factors of 4230852497.
4230852497
What are the prime factors of 49440086?
2, 24720043
What are the prime factors of 11714826?
2, 3, 463, 4217
List the prime factors of 146657595.
3, 5, 7, 641, 2179
What are the prime factors of 252809264?
2, 809, 19531
What are the prime factors of 449061021?
3, 49895669
What are the prime factors of 2813053633?
13, 229, 944929
List the prime factors of 731210389.
7, 13, 1147897
List the prime factors of 2577484.
2, 7, 13, 73, 97
What are the prime factors of 887769135?
3, 5, 11, 47, 3469
What are the prime factors of 625818230?
2, 5, 317, 197419
List the prime factors of 6325512670.
2, 5, 23, 1193, 23053
What are the prime factors of 59054410?
2, 5, 5905441
What are the prime factors of 302695623?
3, 179, 6959
What are the prime factors of 13697064?
2, 3, 281, 677
What are the prime factors of 105765228?
2, 3, 17, 47, 3677
What are the prime factors of 167568262?
2, 137, 283, 2161
List the prime factors of 36894147.
3, 12298049
What are the prime factors of 11103751?
761, 14591
What are the prime factors of 385472297?
7, 17, 271, 11953
What are the prime factors of 368753156?
2, 619, 148931
What are the prime factors of 763589904?
2, 3, 7, 11, 41, 5039
List the prime factors of 13292163.
3, 757, 1951
What are the prime factors of 1271853409?
1271853409
List the prime factors of 313596647.
7, 13, 3446117
List the prime factors of 627562810.
2, 5, 7, 41, 449, 487
List the prime factors of 2164494015.
3, 5, 103, 155663
List the prime factors of 51913265.
5, 10382653
List the prime factors of 542436163.
23, 23584181
What are the prime factors of 7374247241?
7374247241
List the prime factors of 1640739625.
5, 7, 1875131
List the prime factors of 43328284.
2, 19, 570109
What are the prime factors of 1133628917?
1133628917
List the prime factors of 356167853.
356167853
List the prime factors of 498999666.
2, 3, 11, 7560601
List the prime factors of 2072163374.
2, 1783, 581089
List the prime factors of 471290055.
3, 5, 31, 1013527
What are the prime factors of 4618491?
3, 73, 21089
List the prime factors of 5981610578.
2, 317, 9434717
List the prime factors of 3005244825.
3, 5, 11, 3642721
List the prime factors of 686999634.
2, 3, 271, 449, 941
What are the prime factors of 87443747?
7219, 12113
What are the prime factors of 921204?
2, 3, 25589
List the prime factors of 2221963337.
11, 101, 179, 11173
What are the prime factors of 133004433?
3, 127, 349093
List the prime factors of 315128221.
23, 797, 17191
List the prime factors of 241819526.
2, 13, 17, 547103
List the prime factors of 34371315.
3, 5, 11, 23, 3019
List the prime factors of 384809260.
2, 5, 11, 1749133
What are the prime factors of 19099522?
2, 13, 19, 23, 41
List the prime factors of 106313923.
8287, 12829
What are the prime factors of 3924325390?
2, 5, 17, 743, 31069
List the prime factors of 59274451.
739, 80209
What are the prime factors of 96678514?
2, 48339257
What are the prime factors of 319619413?
67, 4770439
What are the prime factors of 171230707?
171230707
List the prime factors of 9032356.
2, 409, 5521
List the prime factors of 87554460.
2, 3, 5, 7, 208463
What are the prime factors of 34378447?
157, 218971
What are the prime factors of 4308108645?
3, 5, 287207243
List the prime factors of 2062551472.
2, 181, 521, 1367
List the prime factors of 1755296941.
1755296941
List the prime factors of 38597420.
2, 5, 1929871
What are the prime factors of 473972824?
2, 13, 79, 57689
List the prime factors of 1278401380.
2, 5, 59, 1083391
List the prime factors of 644957661.
3, 229, 938803
What are the prime factors of 3831598?
2, 1915799
List the prime factors of 24696032.
2, 79, 9769
List the prime factors of 68989404.
2, 3, 11, 211, 2477
What are the prime factors of 484421602?
2, 7, 34601543
What are the prime factors of 7529499946?
2, 3764749973
List the prime factors of 145551806.
2, 821, 88643
List the prime factors of 9402233.
9402233
What are the prime factors of 175718471?
5113, 34367
List the prime factors of 39034425.
3, 5, 31, 103, 163
What are the prime factors of 810856087?
22283, 36389
List the prime factors of 38463142.
2, 19231571
List the prime factors of 40842661.
40842661
List the prime factors of 465713017.
7, 11, 6048221
List the prime factors of 2844441843.
3, 2393, 396217
What are the prime factors of 2396821482?
2, 3, 11, 31, 11833
What are the prime factors of 4684968399?
3, 1069, 1460857
What are the prime factors of 444249039?
3, 13, 43, 97, 2731
List the prime factors of 2858115.
3, 5, 13, 14657
List the prime factors of 601051801.
7, 23, 359, 10399
What are the prime factors of 509724774?
2, 3, 13, 331, 6581
What are the prime factors of 2983840959?
3, 11, 19, 71, 97, 691
What are the prime factors of 32004341?
19, 43, 911
List the prime factors of 3135226365.
3, 5, 23223899
List the prime factors of 45093809.
17, 31, 41, 2087
What are the prime factors of 2085436031?
7, 42559919
List the prime factors of 140167860.
2, 3, 5, 7, 107, 3119
List the prime factors of 125094236.
2, 257, 121687
What are the prime factors of 1680063115?
5, 139, 241